d by 11?
10
Let s = 0 - -4. Suppose 34 = s*x + 5*h, 4*x = x - 5*h + 23. Calculate the remainder when 21 is divided by x.
10
Suppose h = 2 + 3. Suppose -4*o + 0 = -12. Suppose -3*d = -0*d + o*w - 36, -w + 30 = 3*d. What is the remainder when d is divided by h?
4
Calculate the remainder when 16 is divided by (-6)/27 - (5 + (-584)/36).
5
Let o(m) = -2*m**3 + 2*m**2 - m + 2. Let k be -1 + 3*(-2)/3. What is the remainder when o(k) is divided by 20?
17
Let r(p) = 3*p**2 + 2*p - 3*p**2 + 2*p**2. Let q be r(2). Suppose -d + q - 1 = 0. Calculate the remainder when 31 is divided by d.
9
Calculate the remainder when 6 is divided by (6/4)/((-57)/(-152)).
2
Let n = -109 - -170. What is the remainder when n is divided by 32?
29
Let z(u) = -u**2 + 10*u + 8. What is the remainder when 93 is divided by z(8)?
21
Let q(u) = u**2 - 2*u - 1. Suppose x - 16 + 3 = 0. Let r = 33 - x. Calculate the remainder when r is divided by q(4).
6
Let v = 2 + -2. Suppose 4*n + 5*f - 28 = f, 3*f = v. What is the remainder when n is divided by 4 + -1 + (-9 - -8)?
1
Suppose 5*g = 6*g + 10. Let t = g + 45. Suppose 4*m = 18 + 30. Calculate the remainder when t is divided by m.
11
Let q(i) = 5 - 5 + 3*i. Calculate the remainder when 40 is divided by q(7).
19
Let x(k) = -k**3 - 8*k**2 + 8*k + 2. What is the remainder when 30 is divided by x(-9)?
8
Let x = 7 - -4. Calculate the remainder when 20 is divided by x.
9
Suppose 2*t - 192 = -t. What is the remainder when t is divided by 11?
9
Let m(b) = b**3 + 8*b**2 + 13*b + 13. Calculate the remainder when 12 is divided by m(-6).
5
What is the remainder when 204/2 + (-15)/(-3) is divided by 37?
33
Let c = -102 + 115. What is the remainder when 35 is divided by c?
9
Let p(m) = 3*m**2 - 3*m - 2. Let x be (-302)/(-10) + (-2)/10. Let c = -12 + x. Calculate the remainder when p(4) is divided by c.
16
Let u(f) = -f + 11. Let s be (4/6)/((-10)/(-75)). Calculate the remainder when 10 is divided by u(s).
4
Let b(x) = x**3 - 23*x**2 + 22*x + 23. What is the remainder when 65 is divided by b(22)?
19
Let h = 2 - -1. Let y = -7 - -7. Suppose -2*w + 16 = -2*q + 4*q, -h*q - 5*w + 28 = y. What is the remainder when q is divided by 4?
2
Let f = 30 + -3. Let s be (-6)/f - 875/(-9). Let k = -39 + s. What is the remainder when k is divided by 20?
18
Suppose -3*o + 4*k = -49, -o + 6*o - 120 = -k. Calculate the remainder when o is divided by 12.
11
Suppose i = -1 + 3. Suppose 2*k + o + 20 = 6*k, 0 = -k + i*o + 12. What is the remainder when k is divided by ((24/(-10))/4)/(2/(-10))?
1
Let v = -27 + 38. Let r(b) = -22*b + 3. Let i be r(-3). Suppose -5*f + u = -96, -u + 15 + i = 4*f. Calculate the remainder when f is divided by v.
9
Let p(s) = -24*s - 12. What is the remainder when p(-4) is divided by 22?
18
Let i = -10 - -12. Let q(h) = h**3 + 3*h**2. Let w be q(-2). Suppose 5*m = d + 82, -w*m + i*m - 5*d + 49 = 0. Calculate the remainder when 33 is divided by m.
16
Let c(f) = 10*f - 19. Calculate the remainder when (2 - (2 + 21))*-1 is divided by c(3).
10
Suppose -3*j = -0*j - 30. Calculate the remainder when -1*((-25 - 2) + -1) is divided by j.
8
Let x(a) = 21*a**3 - a**2. Let s be x(1). Suppose -4*k = -0 - s. Calculate the remainder when (1 - -6)/(k + -4) is divided by 3.
1
Let f = -101 + 103. Suppose 3*n = 2*n + 3. Calculate the remainder when n is divided by f.
1
Suppose -o - 2*o - m = -19, 0 = 4*o - 3*m - 8. What is the remainder when 9 is divided by o?
4
Let g = -92 + 65. Let y = g - -62. Calculate the remainder when y is divided by 9.
8
What is the remainder when 74 is divided by ((2 + -1)/3)/(7/399)?
17
Suppose -2*k = -k - 17. Let q = -9 + k. What is the remainder when 16 + 5/(15/(-6)) is divided by q?
6
Suppose -d - 2 = -2*p + d, 0 = 3*p - d - 1. Let g = 24 + p. Calculate the remainder when 70 is divided by g.
22
Let h(m) be the first derivative of 4*m**2 - 1. What is the remainder when h(3) is divided by 13?
11
Suppose 0 = 2*i - 5*i - 9. Let s = 74 + -158. Calculate the remainder when s/i - -1 - 2 is divided by 14.
13
Suppose 0 = 12*z - 15*z - 5*k + 173, 5*z - 4*k = 276. Calculate the remainder when z is divided by 20.
16
Let g(u) = 2*u**3 + 2*u**2 + 4*u - 6. Let q be g(4). Suppose 3*d - 107 = 4*r, 0 = 5*d - 5*r - 15 - q. Calculate the remainder when d is divided by 14.
13
What is the remainder when (42/(-35))/(3/(-50)) is divided by 11?
9
Let p(t) = 2*t + 15. Let k(d) = -d - 8. Let h(y) = -11*k(y) - 6*p(y). Calculate the remainder when 4 is divided by h(-5).
1
Suppose -s + 26 = s. Suppose 112 = 2*a + 5*n, -a + 2*a - 49 = n. Calculate the remainder when a is divided by s.
12
Suppose 2*t - 129 = -t. Let h(l) = -l**2 + 7*l + 1. Calculate the remainder when t is divided by h(5).
10
Let x(i) = i**3 - i**2 + i + 2. Let n be (0/(-2))/(9 + -11). What is the remainder when x(n) is divided by 1?
0
Suppose -183 = -6*q + 2*q + 3*b, -q + 47 = -2*b. What is the remainder when q is divided by 5*((-18)/(-40))/(3/32)?
21
Suppose -3*j = -u + 25, 3*u - j - 47 = j. Calculate the remainder when u is divided by 7.
6
Suppose 3*j - 5*u + 37 = 0, 4*u + 1 = -j + 17. Let o = 23 + j. What is the remainder when 56 is divided by o?
18
What is the remainder when (220/66)/(2/6) is divided by 2?
0
Suppose 0*j + 5 = -j, -3*u - 4*j + 193 = 0. What is the remainder when u is divided by 18?
17
Let u(a) = 3 - 3*a + 3*a - 3*a - a**2. What is the remainder when 7 is divided by u(-3)?
1
Suppose -12 = 3*n, 0*c - 2*n = -3*c + 38. Let l = 28 - 6. Let u = l - -7. What is the remainder when u is divided by c?
9
Let p(a) = -5*a - 22. Suppose -4*c = 3*h - 69, h + 0*h + 12 = c. What is the remainder when p(-10) is divided by c?
13
Suppose 4*g + 140 = 5*d, 4*d + 6*g - g - 71 = 0. Calculate the remainder when 141 is divided by d.
21
Suppose -5*i + 3*q = -519, -4*q + 7*q = -i + 111. Calculate the remainder when i is divided by 36.
33
Suppose 5*n = y - 8, -4*n + 2*n - 8 = -2*y. Let u(p) = 4*p - y*p - p + 2 + p. What is the remainder when u(7) is divided by 5?
4
Let u = -61 + 124. Calculate the remainder when u is divided by 16.
15
Suppose -2*p - 20 = -144. Suppose w + 4*q = 9, w - 3*q = 2 + 28. What is the remainder when p is divided by w?
20
Let a = 128 + -108. Calculate the remainder when a is divided by 12.
8
Suppose 0 = x + 1 - 5. Suppose 5*d - 7 = -2. Let f = 3 - d. What is the remainder when x is divided by f?
0
Suppose -a + h = 3*h - 38, 2*a = -3*h + 79. What is the remainder when a is divided by 15?
14
Let n = 17 - 17. Suppose -2*w + 14 = -2*j, n*w = -2*w - j + 5. Calculate the remainder when w is divided by 4.
0
Suppose 3*p + 2*p - 10 = 0. Suppose -4*s + 0 = -3*x + p, -3*x = 3*s + 12. What is the remainder when 21 is divided by x*(11/2)/(-1)?
10
Let h = -6 - -22. What is the remainder when 223 is divided by h?
15
Let r be 6/(-24) - 18/(-8). Suppose -r*g - 5*n = 3*g - 60, 3*g - 3*n = 48. What is the remainder when 54 is divided by g?
12
Let u = 27 - 3. Let l be (-2)/(-3) + 215/15. Let a = l + -2. What is the remainder when u is divided by a?
11
Let x(v) = 3*v**2 + 2*v - 2. Let l be (-26)/8 + (-3)/(-12). Let y = 5 + l. Calculate the remainder when 41 is divided by x(y).
13
Suppose 4*i = 20 + 36. Suppose 0 = y - 2*q - 2, -2*q = 3*y + 3 - 1. Suppose 0*f - 4*f + 20 = y. What is the remainder when i is divided by f?
4
Let o = 11 - 6. Suppose 2*c - 3*u - 6 = 8, -o*u = c - 33. Let h = 129 - 79. Calculate the remainder when h is divided by c.
11
Let m = -10 + 9. Calculate the remainder when 69 is divided by (-17)/m - (3 - 4).
15
Let n = -11 - -24. What is the remainder when 36 is divided by n?
10
Suppose 0 = 4*h + s - 9, -3*s - 2 = 7. Suppose v - 6*v - 25 = 0, -r = h*v + 5. What is the remainder when 39 is divided by r?
9
Suppose 5*t + 315 = 5*v, -5*t - 187 = -3*v - 0*t. Suppose 0 = -3*s - 4*k + v, 58 = 3*s + 5*k - 10. What is the remainder when s is divided by 9?
7
Let u(j) = j + j + 12 + 11*j**2 - 11. Suppose 3*w - w - 12 = 0. Calculate the remainder when u(-1) is divided by w.
4
Calculate the remainder when 16/(1*(-8)/(-12)) is divided by 7.
3
Calculate the remainder when 28 is divided by 1/(-4) + 1403/92.
13
Suppose 12 = 6*y - 2*y. Let q(x) = 2*x**2 + 2 - 1 + y*x - 3*x. Calculate the remainder when 8 is divided by q(-1).
2
Suppose 0 = h - 6 - 2. What is the remainder when 62 is divided by h?
6
Su